n base 8, what is 110 - 2?
106
In base 2, what is 100 - -101011110?
101100010
In base 6, what is 3 + -1?
2
In base 16, what is -a - -343?
339
In base 11, what is -18 - -4?
-14
In base 6, what is -4 + 445?
441
In base 15, what is 3 + 332?
335
In base 3, what is 202021 - 12?
202002
In base 15, what is 1b + 1?
1c
In base 8, what is 0 - -250?
250
In base 2, what is 10011010 - 100?
10010110
In base 9, what is -2 + -108?
-111
In base 5, what is 1 - 22044?
-22043
In base 5, what is -3333 + -13?
-3401
In base 2, what is 111001011010 - -101?
111001011111
In base 2, what is 1110 + -1001?
101
In base 14, what is -24 - -27?
3
In base 7, what is -461 + 10?
-451
In base 13, what is 0 + -8?
-8
In base 2, what is -10 + 101100010?
101100000
In base 2, what is 100101 - -1010?
101111
In base 14, what is -49 - 2?
-4b
In base 3, what is 1211102 + -2?
1211100
In base 2, what is -1000100 + 100101?
-11111
In base 12, what is -a + a2?
94
In base 8, what is 5 + -14315?
-14310
In base 6, what is -141 - 4?
-145
In base 4, what is -2 - -1013?
1011
In base 10, what is 673 + -3?
670
In base 2, what is 10000010 + -11?
1111111
In base 15, what is -3b + 4?
-37
In base 10, what is 53 - -11?
64
In base 7, what is -403 - 3?
-406
In base 14, what is -19 + 18?
-1
In base 12, what is 0 - 25?
-25
In base 3, what is 10002120 - 12?
10002101
In base 8, what is -2446 - -3?
-2443
In base 8, what is 27 + -5?
22
In base 8, what is -22 + 2157?
2135
In base 2, what is 10011 + 1100?
11111
In base 13, what is 869 - 7?
862
In base 15, what is 12b5 + -4?
12b1
In base 3, what is -12 - -220221?
220202
In base 16, what is 5d8 - -3?
5db
In base 8, what is 5 + -132?
-125
In base 13, what is 44 + 4?
48
In base 15, what is 2 + 413?
415
In base 12, what is 0 + 25b3?
25b3
In base 2, what is 11110100100 - -11?
11110100111
In base 8, what is 6755 + 2?
6757
In base 4, what is -1033 - 12?
-1111
In base 6, what is -212310 + -1?
-212311
In base 16, what is d + e6?
f3
In base 7, what is -160 - 1046?
-1236
In base 6, what is -5 - 50?
-55
In base 8, what is 2 - -2317?
2321
In base 7, what is -51165 + 2?
-51163
In base 3, what is -2011 + -1102?
-10120
In base 10, what is -3 + 25?
22
In base 15, what is 1d - -32?
50
In base 15, what is 7c - 7?
75
In base 11, what is a32 - 13?
a1a
In base 10, what is -110 + -36?
-146
In base 8, what is 3056 + 2?
3060
In base 11, what is 16 + 277?
292
In base 14, what is 71 - 197?
-126
In base 9, what is -5 - 75?
-81
In base 9, what is 810 - 1?
808
In base 5, what is 10014 - -3?
10022
In base 2, what is 101 - 1011010?
-1010101
In base 11, what is 104 + -41?
73
In base 3, what is 20 - -1011?
1101
In base 13, what is -5 - -15a?
155
In base 15, what is 67 + 17?
7e
In base 3, what is -11 - 1022?
-1110
In base 5, what is 211 + 21?
232
In base 2, what is -11101000000 + -11?
-11101000011
In base 6, what is 4 + 204?
212
In base 7, what is 2 - -30?
32
In base 4, what is 3 - -13011?
13020
In base 7, what is 13145 + -4?
13141
In base 13, what is -6 - -2?
-4
In base 15, what is 4 + 5?
9
In base 14, what is -1 + -21?
-22
In base 7, what is 2003 + -24?
1646
In base 4, what is 200022 - -11?
200033
In base 12, what is a7 + 5?
b0
In base 7, what is -4 - 23?
-30
In base 6, what is 143 + -150?
-3
In base 10, what is -1 + -1687?
-1688
In base 9, what is -47 + -267?
-325
In base 16, what is 0 - 2f5?
-2f5
In base 7, what is -1101 + -6?
-1110
In base 15, what is -33 + e?
-24
In base 14, what is 2 + 1167?
1169
In base 11, what is -6 - 26?
-31
In base 15, what is -5 + -50?
-55
In base 13, what is -4 + 66?
62
In base 4, what is -13310 + 10?
-13300
In base 9, what is -1047 + -4?
-1052
In base 14, what is 7 + 113?
11a
In base 6, what is -1 - -1100?
1055
In base 11, what is 148 - 4?
144
In base 15, what is 0 + -3b?
-3b
In base 4, what is -33 - -11?
-22
In base 10, what is 5 - -19?
24
In base 5, what is 124340 + 3?
124343
In base 15, what is 94 + 17?
ab
In base 11, what is 0 + 3?
3
In base 13, what is 208 + 13?
21b
In base 14, what is 4 + 2c?
32
In base 5, what is 1304 - -2?
1311
In base 6, what is -30540 + -10?
-30550
In base 4, what is -2 - 1213?
-1221
In base 15, what is -3 - -58?
55
In base 6, what is 52 - -1?
53
In base 16, what is a9 - 2?
a7
In base 11, what is -56 - -9?
-48
In base 2, what is 101 - 101111?
-101010
In base 9, what is 2 - -17?
20
In base 2, what is 11001 - 101101?
-10100
In base 9, what is -41 + 0?
-41
In base 8, what is -16762 - -1?
-16761
In base 5, what is -33 - 240?
-323
In base 4, what is 223003 - 3?
223000
In base 10, what is -3 - -252?
249
In base 2, what is -10 - -10000011000?
10000010110
In base 7, what is 2 + -40?
-35
In base 7, what is -3 + 64?
61
In base 11, what is 0 + -102?
-102
In base 10, what is -114 + -11?
-125
In base 9, what is -11 + 175?
164
In base 13, what is -c1 + -a?
-cb
In base 10, what is 807 - -3?
810
In base 6, what is -2035 + -4?
-2043
In base 4, what is -10 - -311?
301
In base 13, what is -b - 7c?
-8a
In base 2, what is 10 + -11?
-1
In base 10, what is 2 - 36?
-34
In base 9, what is -4 - 6?
-11
In base 3, what is 10 + -10101?
-10021
In base 5, what is -1313 - 103?
-1421
In base 15, what is e + -46?
-37
In base 2, what is 101 + 10000?
10101
In base 14, what is 22 + -1b?
5
In base 11, what is 3 - -1a4?
1a7
In base 2, what is -111010010 + -100110?
-111111000
In base 7, what is 405 + -20?
355
In base 2, what is -101100101 - -10?
-101100011
In base 11, what is -1 - 279?
-27a
In base 13, what is 3 - -13c?
142
In base 7, what is -34413 - 2?
-34415
In base 10, what is 2 - 220?
-218
In base 5, what is -3 + 14214?
14211
In base 16, what is 35 - -101?
136
In base 12, what is -31 + -6?
-37
In base 14, what is -63 + -4?
-67
In base 7, what is -333 + -23?
-356
In base 12, what is 3 - 16a?
-167
In base 15, what is -92 - 39?
-cb
In base 9, what is 38 - 7?
31
In base 11, what is 0 - -434?
434
In base 14, what is -168 + 2?
-166
In base 15, what is -a + 1d5?
1ca
In base 13, what is -166 - -3?
-163
In base 13, what is -69 + 17b?
112
In base 16, what is 5a + f?
69
In base 2, what is 0 - -1010101001?
1010101001
In base 5, what is -34310 - 4?
-34314
In base 2, what is 1111001 + -100?
1110101
In base 14, what is -1 + 2b4?
2b3
In base 8, what is 1 + 25?
26
In base 15, what is 1b - -5?
21
In base 15, what is 7 - -11?
18
In base 3, what is -12 - -1021?
1002
In base 15, what is -15 + 3?
-12
In base 4, what is -102 + 0?
-102
In base 4, what is 22011 - -11?
22022
In base 15, what is -247 - 2?
-249
In base 5, what is 134400 + -10?
134340
In base 6, what is 201 + -2?
155
In base 10, what is 572 + 22?
594
In base 2, what is -111000 + 0?
-111000
In base 6, what is -133 + -21?
-154
In base 3, what is 10 + -10001010?
-10001000
In base 8, what is -5 + 37?
32
In base 7, what is -5 - -13?
5
In base 2, what is 10011101010 + 10?
10011101100
In base 4, what is 10 - 11031?
-11021
In base 4, what is -3330033 + 1?
-3330032
In base 16, what is -1 + -26?
-27
In base 11, what is -263 + 0?
-263
In base 10, what is 97 - -17?
114
In base 15, what is 7 + -31?
-29
In base 10, what is 30 + 524?
554
In base 3, what is -2 + 1120?
1111
In base 4, what is -121 + 20?
-101
In base 8, what is 4 - 224?
-220
In base 11, what is -23 - -34?
11
In base 7, what is -11 - 101?
-112
In base 4, what is -101 + -300?
-1001
In base 6, what is -1240 + -1?
-1241
In base 2, what is -1101000 - 1111000?
-11100000
In base 16, what is 2 + 1c?
1e
In base 2, what is -1011100001 + 10000?
-1011010001
In base 2, what is -1000000100110 + -100?
-1000000101010
In base 9, what is 33 - -2?
35
In base 13, what is -99 - 0?
-99
In base 4, what is -23021 + -12?
-23033
In base 5, what is 3 + 14224?
14232
In base 13, what is 8 - -39?
44
In base 8, what is -2227 + -4?
-2233
In base 2, what is -100001 - -1?
-100000
In base 2, what is 110 - 10000011?
-1111101
In base 16, what is -17 + 13?
-4
In base 6, what is 33 - 1?
32
In base 14, what is 1 + -44?
-43
In base 10, what is 3 + 6?
9
In base 7, what is 13 + 352?
365
In base 5, what is 1130 + -1?
1124
In base 10, what is -5 + 8?
3
In base 11, what is 7 + -131?
-125
In base 9, what is -4 + 18?
14
In base 16, what is 2ad - -4?
2b1
In base 9, what is -1 - 256?
-257
In base 9, what is -10 + -228?
-238
In base 12, what is -1358 - 4?
-1360
In base 4, what is 1 + 10100?
10101
In base 10, what is 1 + -1122?
-1121
In